 is the highest common divisor of 358041 and 6141?
69
Calculate the greatest common divisor of 7824 and 3396920.
1304
What is the greatest common divisor of 77440 and 263360?
320
What is the highest common divisor of 114293 and 34324968?
3089
Calculate the highest common factor of 95 and 7683486.
19
Calculate the highest common factor of 78 and 1806546.
6
Calculate the greatest common divisor of 195341094 and 1014.
78
Calculate the greatest common factor of 4323 and 465399.
33
Calculate the greatest common factor of 114192 and 4764344.
6344
What is the highest common divisor of 116 and 1128174356?
116
What is the greatest common factor of 1577640038 and 26?
26
Calculate the greatest common factor of 4371200 and 1480.
40
What is the highest common divisor of 288 and 3168468?
36
Calculate the highest common factor of 134316 and 27089244.
3276
What is the highest common factor of 57 and 34407537?
57
What is the highest common divisor of 38617 and 8326?
23
What is the highest common divisor of 19115 and 205971771?
3823
What is the highest common divisor of 131607 and 133?
7
Calculate the highest common factor of 1473666 and 6162.
474
What is the highest common divisor of 344031 and 144402?
123
What is the greatest common factor of 882 and 46924899?
147
Calculate the greatest common factor of 11719555 and 14360.
1795
What is the highest common divisor of 8301725 and 75?
25
What is the highest common divisor of 790625 and 1705?
55
Calculate the highest common factor of 7184775 and 2535.
195
Calculate the greatest common divisor of 11050 and 4367350.
650
Calculate the highest common divisor of 41808 and 158319057.
2613
Calculate the highest common factor of 2286 and 13765149.
1143
Calculate the highest common divisor of 22757088 and 96.
96
Calculate the highest common factor of 10989 and 1615086.
297
What is the highest common factor of 2839600 and 2864?
16
What is the highest common divisor of 5866 and 9718286?
838
Calculate the highest common factor of 1562 and 16738.
2
Calculate the highest common divisor of 95 and 23262536.
19
Calculate the highest common factor of 5171813 and 166.
83
What is the highest common divisor of 1496 and 25492520?
136
Calculate the highest common factor of 4332 and 41596.
4
What is the highest common factor of 2845 and 321715445?
2845
What is the highest common divisor of 119 and 641757956?
119
Calculate the highest common divisor of 49 and 65240707.
49
What is the highest common divisor of 6104000 and 500?
500
Calculate the greatest common divisor of 18 and 430401.
3
Calculate the greatest common factor of 775742 and 181522.
814
What is the greatest common factor of 2250 and 265422750?
750
What is the highest common factor of 259 and 12971399?
7
What is the greatest common factor of 36645174 and 90?
18
Calculate the greatest common divisor of 5831 and 9653.
49
Calculate the greatest common divisor of 219834 and 10206.
162
Calculate the greatest common factor of 593952 and 190992.
1104
What is the highest common divisor of 6147059 and 2265?
151
Calculate the highest common factor of 866815 and 2915.
265
What is the greatest common factor of 187676 and 122?
2
Calculate the greatest common factor of 14247725 and 34450.
1325
What is the greatest common factor of 24791 and 19669?
13
What is the greatest common factor of 256112 and 1880?
8
What is the greatest common divisor of 149344 and 11353472?
416
What is the greatest common factor of 441 and 5157369?
63
What is the greatest common divisor of 3316608 and 4896?
288
Calculate the highest common divisor of 30996945 and 21735.
945
Calculate the greatest common factor of 66885 and 14161.
49
Calculate the highest common divisor of 5332256 and 136.
8
What is the highest common factor of 10938841 and 41?
41
What is the highest common factor of 104330071 and 51?
17
Calculate the highest common divisor of 9040 and 33923052.
452
What is the highest common factor of 1944 and 437611896?
1944
What is the highest common factor of 635 and 4956937?
127
What is the highest common factor of 15198439 and 1855?
53
What is the greatest common divisor of 1394 and 3190322?
34
What is the greatest common factor of 437280411 and 597?
597
What is the greatest common factor of 765 and 166943485?
85
Calculate the greatest common factor of 100330 and 797900.
790
What is the highest common divisor of 16751229 and 50358?
3597
Calculate the greatest common divisor of 1173 and 313559.
23
What is the highest common factor of 245 and 85072673?
49
Calculate the highest common divisor of 159221522 and 953.
953
Calculate the greatest common divisor of 5066 and 5474.
34
Calculate the highest common factor of 2250 and 1412750.
250
What is the highest common factor of 3379285 and 1456?
91
What is the highest common divisor of 1029405 and 1299?
3
Calculate the highest common divisor of 40 and 103833536.
8
Calculate the highest common divisor of 3307965 and 2490.
1245
Calculate the highest common factor of 606 and 17702674.
202
Calculate the greatest common divisor of 73914 and 9525.
381
Calculate the greatest common factor of 934844 and 32.
4
Calculate the highest common divisor of 7218901 and 3725.
149
Calculate the highest common divisor of 8163 and 221175.
9
Calculate the greatest common factor of 4 and 53521324.
4
Calculate the greatest common factor of 1375826031 and 2363.
2363
What is the greatest common divisor of 4702941 and 45522?
81
What is the greatest common factor of 1632183 and 23583?
21
What is the highest common divisor of 7996322 and 2279?
53
Calculate the highest common divisor of 3303 and 98232321.
1101
Calculate the greatest common factor of 11987476 and 67300.
2692
Calculate the highest common factor of 1944 and 770310.
486
What is the highest common factor of 441 and 181332977?
49
Calculate the highest common divisor of 26 and 9403264.
26
Calculate the greatest common divisor of 16 and 99366792.
8
Calculate the highest common factor of 6441414 and 238.
14
What is the highest common factor of 15313669 and 21?
7
What is the highest common divisor of 90448067 and 8416?
263
Calculate the greatest common factor of 168809062 and 13614.
4538
Calculate the greatest common factor of 460 and 218645820.
460
Calculate the greatest common factor of 10 and 591055.
5
What is the highest common divisor of 5661 and 1020?
51
What is the highest common divisor of 3255 and 9243735?
465
Calculate the highest common divisor of 4067816 and 2.
2
Calculate the highest common divisor of 20622864 and 5712.
48
Calculate the greatest common divisor of 1036 and 869562974.
518
What is the highest common divisor of 2658450 and 1858520?
4790
Calculate the greatest common divisor of 1854940 and 23146.
326
What is the greatest common factor of 93103 and 19?
1
What is the greatest common divisor of 12154830 and 4590?
510
Calculate the greatest common factor of 476 and 48218562.
238
What is the highest common divisor of 8568636 and 372?
12
Calculate the greatest common divisor of 21852 and 26154.
18
Calculate the greatest common factor of 5536 and 1697160.
8
Calculate the greatest common factor of 564658 and 1034.
94
Calculate the highest common factor of 996623307 and 1098.
549
Calculate the greatest common factor of 3108 and 1449660.
444
Calculate the highest common divisor of 110963 and 16687.
37
What is the greatest common factor of 6780 and 50459020?
2260
Calculate the highest common factor of 5341840 and 540.
20
Calculate the greatest common divisor of 905128 and 12544.
392
Calculate the highest common divisor of 6560501 and 36139.
509
Calculate the highest common divisor of 9344029 and 860.
43
What is the highest common factor of 64076 and 1578740?
772
What is the greatest common divisor of 3718340 and 140?
20
What is the highest common divisor of 114957 and 18790047?
2169
What is the highest common factor of 395 and 626851175?
395
Calculate the greatest common divisor of 691 and 1285058228.
691
Calculate the greatest common divisor of 646 and 2627947.
19
What is the greatest common divisor of 33793 and 5499?
47
Calculate the highest common factor of 13908008 and 713.
23
What is the greatest common factor of 1728 and 357192288?
864
What is the greatest common divisor of 819 and 292392594?
117
What is the highest co